 + 6*c = 8. Let k(b) = -16*b**2 - 2*b + 11*b**c + 6*b**2. Calculate k(2).
0
Let l(k) = 18*k**2 - 3*k - 4. Let o(a) = -19*a**2 + 4*a + 5. Let c(w) = -6*l(w) - 5*o(w). Determine c(-1).
-12
Let u(x) be the second derivative of x**5/20 - 5*x**4/12 - x**3/6 + 7*x**2/2 + 16*x - 2. Give u(5).
2
Let p(i) = -16*i - 11. Let f(v) = 9*v + 6. Let m(b) = 7*f(b) + 4*p(b). Determine m(5).
-7
Let f(o) = -o - 10. Let p(t) = -t + 1. Let i(n) = -n - 22. Let u(b) = i(b) + p(b). Let r(z) = -5*f(z) + 2*u(z). What is r(-4)?
4
Let i(u) = u**2 - 7*u - 15. Let v be i(9). Let r(l) = -l**2 - 5*l + 8. Let x be r(-6). Let h(q) = 0*q**3 - 3 - x*q**3 - q + 3*q**2 + q**3. Calculate h(v).
-6
Suppose 0 = -2*z - 14 + 4, -25 = -2*g - 3*z. Suppose -14*k - 120 = g. Let q(p) = p**3 + 9*p**2 - 9*p + 7. Give q(k).
-3
Let t(d) = 4*d**2 + 5*d + 7. Let w(n) = -6 + 7*n - 3*n**2 + 7*n - 1 - 18*n. Let p(g) = -4*t(g) - 5*w(g). Determine p(0).
7
Let i be (8/(-10))/((-2)/5). Let n(z) = -8*z. What is n(i)?
-16
Let g(l) = -4*l + 15. Let j(n) = -n**3 - 25*n**2 + 51*n - 75. Let r be j(-27). Determine g(r).
-9
Suppose 106 = 37*y + 143. Let g(j) = -34*j. What is g(y)?
34
Let z = -3 - -11. Let x(o) = 6*o**3 + o**2 - 16*o + 12. Let f(c) = c**3 - c**2 - 2*c + 1. Let g(v) = 7*f(v) - x(v). Determine g(z).
11
Let i(r) be the first derivative of 3*r**2/2 - 8*r + 5. Let y be i(6). Suppose 2 = -2*z - y. Let j(d) = 2*d + 9. Determine j(z).
-3
Let l be 6*(-1)/((-2)/(-3)). Let f(m) = 2*m + 5. Determine f(l).
-13
Let f(b) = -2*b - 5. Suppose -2*h = 4*q + 13 + 3, -4*q = -3*h + 16. What is f(q)?
3
Let a(l) = 2*l - 11. Let t be a(7). Let m(z) = -z + 1 - 71*z**3 + 72*z**t - 2. Suppose 2*c + 4*k + 8 = 8*k, 3*c = 3*k - 3. Give m(c).
5
Let v(l) be the second derivative of 7*l**3 - l**2/2 + 7*l - 6. Calculate v(1).
41
Let s(k) = 4*k - 3. Let h be s(2). Let g(l) be the third derivative of 1/120*l**6 + 0*l**3 + 0 - 1/10*l**5 + 24*l**2 + 0*l + 1/4*l**4. Calculate g(h).
5
Let s(n) be the first derivative of -5*n**2/2 + 39. Let k = 62 - 64. Determine s(k).
10
Let m(q) = -2*q**2 - 9*q**3 - 4365*q - 4 + 8*q**3 + 4368*q. Give m(-3).
-4
Let g(w) = -w**3 - 7*w**2 + w**2 - 5*w - 2 - 4*w + 0*w**2 - w**2. Determine g(-5).
-7
Let j(t) = -8 - t + 0*t - 3*t + t. Let w(z) = 4*z + 9. Let b(m) = -7*j(m) - 6*w(m). Suppose -r + 4 = -5*d + 2, 3*r = d + 6. Give b(r).
-4
Let r(m) = -m**3 - 5*m**2 + 5*m + 9. Suppose 2*f = f - 6. Let t be r(f). Suppose -7*q + t = -4*q. Let o(h) = h**3 - 5*h**2 - 7. Determine o(q).
-7
Let x(f) = f**3 - f**2 + 6*f + 3. Let v(d) = -d**3 + 2*d**2 - 5*d - 2. Let u(g) = 5*v(g) + 4*x(g). Determine u(6).
-4
Let c(b) be the second derivative of -b**4/12 - b**3/6 + b**2 - b. Let t be (-24)/(-14)*(-1127)/(-46). Let d = t + -40. Determine c(d).
-4
Let k(h) = 2*h. Let r(u) be the first derivative of u**4/4 + u**3 - u**2 + 9*u - 8. Let g be r(-4). Determine k(g).
2
Let w(z) = -z**2 - 92*z - 2118. Let n be w(-47). Let k(o) = o**3 + o**2 - 8*o - 6. Let q(t) = -t - 1. Let d(l) = -k(l) + 4*q(l). What is d(n)?
8
Let b(l) = l - 5. Let o(d) = -d**2 - 5*d + 5. Let r be o(-4). Suppose -w = -q + 3 - 2, -5*w + 4*q = r. Give b(w).
-10
Let x(c) = -c**3 - 6*c**2 - 9*c - 1. Let d be x(-4). Let z(b) be the third derivative of 0*b + 1/24*b**4 - d*b**2 + 0 + 0*b**3. Give z(-6).
-6
Let i(w) = -154 + 12*w**2 - 156 + 2*w + 311. What is i(-1)?
11
Let f be 640/30 - 1/3. Let w = f + -24. Let j(r) = r + 3. Give j(w).
0
Let p(b) = 2*b**2 - 9. Let r(z) = z**2 - 5. Let o(d) = -3*p(d) + 5*r(d). Suppose 4*j = -14 - 6. Let w(m) = 2*m + 10. Let h be w(j). Calculate o(h).
2
Let i(s) = -s + 1. Let r(b) be the first derivative of -6*b**2 + 18*b - 5. Let u(x) = -1. Let z(o) = r(o) + 8*u(o). Let c(j) = 22*i(j) - 2*z(j). Give c(-2).
-2
Let i(f) = 40*f - 133*f + 46*f + 45*f. Let q(s) = 2*s**3 - s - 1. Let p(r) = -r + 2. Let v be p(3). Let u be q(v). Give i(u).
4
Let h(w) be the first derivative of w**3/3 - 7*w**2/2 - 17*w - 405. Give h(12).
43
Let a(i) = i**3 + 3*i**2 - 2*i - 3. Let m be a(-4). Let p(r) be the first derivative of -r**2/2 - 5*r - 2280. Give p(m).
6
Let g = 27 - 32. Let z = g + 4. Let i(p) = 18*p - 1. Determine i(z).
-19
Let q = -37 - -45. Let z be (-16)/(0*2/q + -2). Let g(d) = -d**2 + 8*d + 10. Determine g(z).
10
Let y(z) = z**3 - 5*z**2 + 6*z - 1. Let i = -53 + 52. Let s(v) = 3*v**2 - 2*v - 1. Let q be s(i). Give y(q).
7
Let d(l) = -2*l - 8. Let m be d(-6). Let v be 285/60 + 1/m. Let g(a) = -a**2 + 3*a + 5. Give g(v).
-5
Let j(g) = -2*g**2 + g + 50. Let h be j(5). Let p(z) = -2*z**3 + 10*z**2 + 3. What is p(h)?
3
Let a = -36 - -38. Suppose 0 = a*j - j - x, 0 = 5*x. Let n(p) = -p**3 - p**2 + p - 3. Calculate n(j).
-3
Suppose 4*r = 5*d, 3*d + r = -3*r. Let s(j) = -j - 8. Give s(d).
-8
Let c(d) = d**2 + 9*d + 1. Let g = 1 + 48. Suppose 3*w + 4*w = -g. Determine c(w).
-13
Let n(z) be the second derivative of -z**5/10 + z**3/6 - 4*z. Suppose -38*b = -35*b - 6. What is n(b)?
-14
Suppose -5*z + 80 = -z. Suppose 4*b + 3*t = -7, -5*t - z = 5. Let q(c) = c**3 + 28*c**2 - 28*c**2 + 1 - b*c. What is q(-2)?
-3
Let s(o) = o**3 + 15*o**2 - 15*o + 12. Let w be ((-72)/3)/((-33)/(-22)). Determine s(w).
-4
Let t(r) = -r**3 + 3*r**2 - 2*r + 1. Let v = -12 - -16. Suppose -4*j + 0*a = -4*a - 20, -v*a - 29 = -5*j. Suppose 0*m - j = -3*m. What is t(m)?
-5
Let s(x) be the first derivative of x**2/2 - 3*x - 181. Give s(-7).
-10
Let u(l) = -l**2 + 2*l + 3. Let w be u(3). Suppose 6*o = 9*o - 6. Let t(m) = -m**3 + m**2 - 4 + o + w*m**3 + 2*m**2 + 4*m. Give t(4).
-2
Let g = 26 + -23. Let r(k) = 2*k + 3. Let v(d) = -d - 2. Let i(m) = g*r(m) + 7*v(m). Let a = -4 - 1. Calculate i(a).
0
Let g = -9549 - -9544. Let v(w) = -3 - 1 - 2 - 4*w**2 + 4*w - w**3. Give v(g).
-1
Let n(l) = l**2 - 2*l**2 + 2*l**2 + 10*l + 1 - 5. Give n(-9).
-13
Let w be (126/27)/(-7)*-3. Let h(f) be the second derivative of 1/3*f**3 + 0 - 3*f - f**w. What is h(-2)?
-6
Let g(a) = a**2 - 3*a - 10. Let d(q) = 6 + 4*q - 2*q**2 + q**2 + 6. Let c(r) = 6*d(r) + 7*g(r). Determine c(-4).
6
Let g(k) be the third derivative of -3*k**4/8 - k**3/2 - 139*k**2. Determine g(-1).
6
Let g(t) = t**2 + 6*t + 6. Let h = 66 - 62. Suppose 4*x = -h, -4*c = -2*c + x + 9. Determine g(c).
-2
Let c = -20 + 22. Suppose -5*u = 4*x + 16, c*u = 3*u + 4*x. Let k(q) = 2*q + 3. Determine k(u).
-5
Let n(o) = 11*o + 1. Suppose -4*v = -v - 6. Let q be (-8)/4*(1 - 0)/v. What is n(q)?
-10
Let r be (55/33)/(-2 + 51/18). Let y(l) = l**2 - l + 1. Give y(r).
3
Let c(d) = -d**3 - 4*d**2 - d. Let t = 1 - -2. Let n be (2 - 3/3)*t. Suppose -n*r - k = 6, 0*k = 5*r + 5*k. Calculate c(r).
-6
Let o(r) = -r + 4. Suppose 0*b - 2*b + 52 = 0. Let w(g) = 19*g**2 + 2*g + 5. Let d be w(-1). Let s = b - d. Give o(s).
0
Suppose 3 = -4*o + 3*t, o + 1 + 8 = -2*t. Let g(h) = -h**3 - 5*h**2 - 3*h + 4. Let f be g(o). Let a(y) = -32*y + 58*y - 29*y - 8 + 1. Give a(f).
8
Let j(u) = 3*u**3 - 14*u**2 + 11*u + 4. Let d(p) = -4*p**3 + 15*p**2 - 11*p - 4. Let t(c) = -2*d(c) - 3*j(c). Let k = -129 - -140. What is t(k)?
-4
Let g(a) = -33*a**3 + 0*a**2 + 55*a**3 + 4*a**2 - 21*a**3. Let r = -5 + 2. Let h be r*(8/(-3))/(-2). Calculate g(h).
0
Let r(i) be the third derivative of -i**5/60 + i**4/4 + i**3/6 + 60*i**2. What is r(5)?
6
Let a be (7/(-140)*12)/(2/(-10)). Let r(z) be the third derivative of -z**6/60 + z**5/12 - z**4/8 + 2*z**3/3 + 10*z**2. Determine r(a).
-14
Let y(o) = 3*o**2 + 5*o**2 - 10 + o**3 + 4 - 6 + 8*o - 16*o. Calculate y(-9).
-21
Let d(y) = 3*y + 3. Suppose 78 = -3*f + 3*l, -5*f - 133 = -l - 3*l. Let h = 27 + f. Calculate d(h).
-3
Let j(f) be the third derivative of -f**7/2520 - f**6/180 + f**5/10 - 23*f**2. Let v(i) be the third derivative of j(i). Calculate v(-4).
4
Let w be (2 + 2)/(-1 + 0). Let d be 114/102 - w/(-34). Let k(f) = -f**2. Calculate k(d).
-1
Let n(b) = -4*b**3 + 5*b**2 + 5*b - 5. Suppose 0*c - 2*c = 10. Let a(m) = -3*m**3 + 4*m**2 + 4*m - 5. Let i(r) = c*a(r) + 4*n(r). Determine i(0).
5
Let g(s) be the first derivative of s**2/2 - 16*s - 135. Determine g(12).
-4
Let p(g) = -g**3 - 4*g - g + 12*g**2 - 5*g**2 - 5. Let a be p(6). Let x(m) = m + 80*m**2 + 0*m + 0*m - 81*m**2 + 1. Give x(a).
1
Let v(l) = -4*l**2 + l + 1. Let x be 6/(27/9) - 1. Calculate v(x).
-2
Let k(d) = d + 9. Let b(w) = -w + 2. Let q be b(2). Suppose q = 7*u - 8*u - 4. Determine k